(u) = -u**3 + u + 1. Let t = 10 + -11. What is the units digit of y(t)?
1
Let x(s) be the third derivative of 0 - 1/12*s**4 + 5/6*s**3 + 0*s + 3*s**2. What is the tens digit of x(-4)?
1
Let y be 4/(((-10)/(-4))/(-5)). Let n(u) = u**3 + 7*u**2 - 10*u - 1. What is the units digit of n(y)?
5
Let t = 17 - -1. Let g = 20 - t. What is the units digit of g?
2
What is the tens digit of 3216/18*9/6?
6
Suppose -582 = -36*k + 30*k. What is the tens digit of k?
9
Let t = 134 - 69. What is the tens digit of t?
6
Let d(a) = 4*a + 3. Let i(x) = -x - 1. Let c(b) = -d(b) - 3*i(b). What is the units digit of c(-6)?
6
Suppose -4*g = -w - 9*g + 28, 0 = -5*w + 5*g - 10. Suppose 10 = -w*y - 8. What is the units digit of 66/18 - 2/y?
4
Suppose -2*b = -0*b - 4. Suppose -b*c = -c - 15. Let d = -4 + c. What is the tens digit of d?
1
Let l(x) = 4*x - 8. What is the tens digit of l(9)?
2
Suppose 0 = 3*c + 5*v - 143, 3*v - 84 - 92 = -4*c. What is the tens digit of c?
4
Let o(w) = w + 2*w**3 - 2*w**2 - 3*w**3 + w**2 - 1. Let c(m) = 3*m**3 + 12*m**2 - 2*m + 1. Let f(p) = c(p) + 4*o(p). What is the units digit of f(8)?
3
What is the tens digit of 106/3 + (-20)/(-30)?
3
Suppose -4*j = -16 - 120. What is the units digit of j?
4
Let t = -31 + 43. What is the tens digit of t?
1
Let f(c) = -8*c + 1. Let l be f(-4). Let b = l + -22. What is the tens digit of b?
1
Suppose -4*y + 8 = -2*y. Suppose -5*v = -3*l - 40, -4*l + 32 = y*v + l. What is the units digit of v?
8
Suppose -3 = -2*u + 5. Suppose -3*v + 57 = 2*z, u*z + 3*v - 8 = 115. What is the tens digit of z?
3
Let k(n) = 10*n**2 + 17 + 17 + 18*n - 8 - 5*n**3. Let g(q) = -2*q**3 + 3*q**2 + 6*q + 9. Let v(l) = -8*g(l) + 3*k(l). What is the units digit of v(-5)?
1
Let j = 4 - 2. Let l = j + -2. Suppose l = -2*h - h + 3. What is the units digit of h?
1
Let i(q) = -q + 2. Let a be i(-7). What is the units digit of -3*(-1)/a*6?
2
Suppose 0 = 5*g + 277 - 1037. What is the units digit of g?
2
Let w(k) = -k**2 + 10*k - 1. Let z = 8 + 0. Let r be w(z). Suppose 4*t - r - 5 = 0. What is the units digit of t?
5
Suppose -21 = -n - 2*n. Let u = n + 9. What is the tens digit of u?
1
Suppose 4 = c - 3. What is the units digit of c*(-3 + 6)/3?
7
What is the units digit of ((-2)/(-6))/(-7 - 12732/(-1818))?
1
Let v(m) = 2*m + 2. Let d be v(-6). Let n(t) = -t - 7. Let h be n(d). Suppose h*u - 19 = 14. What is the tens digit of u?
1
Let f(n) = -n**2 - n. Let k be f(2). Let x = -6 - k. Suppose -4*q + 13 + 15 = x. What is the units digit of q?
7
What is the hundreds digit of -1 - 2868/(-27) - (-4)/(-18)?
1
Suppose 2*p + 2 = -0*p. Suppose -5*i = 3*o + 1 + 18, 20 = -4*i. What is the units digit of (p + o)*(5 + 2)?
7
Suppose i - v = 2*i - 2, 4*i + v = 8. Suppose c + 36 = i*c. What is the tens digit of c?
3
Let c = 97 - 51. Suppose -c = -3*x + 2. What is the units digit of x?
6
Let w be (-5)/(3/18*2). Let s = -4 - w. Suppose -4*y = -n + y - s, 0 = y - 4. What is the units digit of n?
9
Suppose -235 = 7*y - 634. What is the units digit of y?
7
Let n be (-3)/(-2) - (-9)/6. Suppose -5*l = -0*u - u - 4, -n*l + 92 = 5*u. What is the units digit of u?
6
Let b = -5 + 11. Let f(g) = g - 4. What is the units digit of f(b)?
2
What is the hundreds digit of (-52)/(2 - 48/21)?
1
Let o(v) = 16 - 6 - 5*v + 3*v + 3*v. Suppose 5*t - 20 = 4*f + 19, -4*f = 2*t + 18. What is the units digit of o(f)?
4
Let h = 12 - -74. What is the units digit of h?
6
Suppose 2 - 27 = -5*l. Let c = l - -33. What is the units digit of c?
8
Let l(r) = 20*r - 1. What is the units digit of l(2)?
9
Suppose 3*f = a + 233, -3*a + 53 - 362 = -4*f. What is the units digit of f?
8
Let b(v) = v**2 + 0*v - 5*v**2 - v + 6 + 3*v**2. What is the units digit of b(0)?
6
Let h = -25 - -219. What is the hundreds digit of h?
1
Let s(c) be the first derivative of -c**4/4 + 8*c**3/3 + c**2/2 - 3*c + 2. Let b be s(8). Suppose -b*f = 15, -1 = 3*k + 2*f - 13. What is the units digit of k?
6
Let k = 18 + -12. Let w be k/30 - 14/(-5). Suppose -21 = -w*y - 0*y. What is the units digit of y?
7
Let m(w) = 2*w + 42. What is the tens digit of m(-11)?
2
Suppose a = -3*a + 12. Suppose -a*h + 10 = 2*s - 16, 3*s = -h - 3. Suppose 3*f - h = -3. What is the units digit of f?
3
Let i = 13 + -9. Suppose i*y + 45 + 83 = 5*p, -p = 2*y - 34. Suppose -5*u = -73 + p. What is the units digit of u?
9
Let m = -5 - -1. Let g(y) = y - 4*y + y. What is the units digit of g(m)?
8
Let u(q) = q + 2. Let f be u(-6). Let v be (-21)/f + 2/(-8). Suppose 13 + 7 = v*a. What is the units digit of a?
4
Let z be (-176)/(-6) + 2/(-6). Suppose -4*v + 3 - 11 = -5*n, 5*n + 3*v - z = 0. Let j(s) = -s**3 + 3*s**2 + 6*s - 5. What is the units digit of j(n)?
3
Suppose -w + 0 = -14. What is the units digit of w + (0/(-1))/2?
4
What is the units digit of (2 - 3)/(3/(-15))?
5
What is the units digit of (-7)/((-70)/(-4))*-85?
4
Let c(p) = 4*p - 4. Suppose t + 2*h = 6*t - 30, 3*t = h + 18. Let o be c(t). What is the units digit of (o/2)/(1 + 1)?
5
Let d be 1 + (1 - -9) + -2. Let h = 9 - 4. Let m = d - h. What is the units digit of m?
4
Suppose -2*k + 6*k - 44 = 0. Let j = k + -9. What is the units digit of j?
2
Suppose 93 = -2*k - 65. Let d = 113 + k. What is the tens digit of d?
3
Let g = -26 + 29. What is the units digit of g?
3
Suppose 0 = 3*p - 0*c + c + 54, -12 = 4*c. What is the units digit of (-5 + 3)/(2/p)?
7
Let g(q) = 3*q + 10 + 5*q + 3*q - 4*q - q**2. What is the tens digit of g(7)?
1
Let d = -86 + 309. What is the units digit of d?
3
Suppose -4*f + 193 + 347 = 0. What is the tens digit of f?
3
Let u = 89 + -53. What is the units digit of u?
6
Suppose 8*s - 4*f - 4 = 3*s, 4*s + 2*f - 24 = 0. What is the units digit of s?
4
Suppose 3*h - 69 = 18. What is the tens digit of h?
2
Suppose 86 = 6*g - 4*g. What is the units digit of g?
3
Let x be (-3)/21 - 22/(-7). What is the units digit of (25 + x)*(-2)/(-4)?
4
Suppose -128 = -4*i + 32. Suppose -i = 7*z - 9*z. What is the units digit of z?
0
Let s = 8 - 4. Let o be s + 0 + 3/(-3). Suppose -2*a = -o*a + 7. What is the units digit of a?
7
Let y be 13 + (-3)/(-6)*-2. Suppose -4*d - y = -4. What is the tens digit of ((-36)/(-8))/(d/(-8))?
1
Let z be -1 - 1 - 1*-8. Suppose -a + 3*a - z = 0. Suppose b - 2*c = 3*c + 27, -3*c = a*b + 9. What is the units digit of b?
2
Let f be 7 + (-1)/(-2)*-4. Suppose f*p - 3*p - 10 = 0, -4*y + 4*p = 8. Suppose y*o + 5*x - 78 = -27, 0 = -3*o - 4*x + 54. What is the units digit of o?
2
Let s = 66 - 17. What is the units digit of s?
9
Let f(o) = 56*o**2 + o - 1. Let r be f(2). Suppose 2*z + 3*z - r = 0. Suppose -4*y - y + z = 0. What is the units digit of y?
9
Let i be 2 - 16/(0 + 1). Let u = i - -27. What is the tens digit of u?
1
Let s = 74 - 116. What is the units digit of 25/(-2)*s/35?
5
Suppose -h + 292 = -13. What is the hundreds digit of h?
3
Let f = 16 + 14. Suppose 0 = -2*t - 2*n + 64, 2*t + 4*n = 36 + f. What is the tens digit of t?
3
Let z be ((-2)/(-6))/((-2)/18). What is the units digit of 2/z - 34/(-6)?
5
Let m = -4 - -4. Suppose -3*a - l + 22 = 0, m*a - 10 = -5*a + 5*l. What is the units digit of a?
6
Let p(v) = v**3 - 7*v**2 + 7*v + 3. Let l be p(6). Suppose -l + 3 = -2*t. Suppose 41 - t = 2*d + 4*w, 5*d = w + 106. What is the units digit of d?
1
Suppose -14 = 11*p - 487. What is the units digit of p?
3
Let y(h) be the second derivative of -h**5/20 + 15*h**2/2 + h. What is the tens digit of y(0)?
1
Let t be (3 - (0 + -13))/(-1). Let l = t + 17. What is the units digit of l?
1
Suppose q - 485 = 6*q. Let o = -62 - q. What is the tens digit of o?
3
Suppose 0 = s + 7*s - 368. What is the tens digit of s?
4
Let x(z) = z**2 + 6*z + 5. Let l be x(-6). Let b(m) = 4 - m + 2*m - l - 2*m**3. What is the tens digit of b(-2)?
1
Suppose 0 = 2*c - c. Let j(t) = 2*t + 37. What is the tens digit of j(c)?
3
Let u = -57 + 169. What is the units digit of u?
2
Suppose -4*q + 214 = 5*m, 2*m - 11 = 5*q + 68. Let t = -23 - -50. Let v = m - t. What is the tens digit of v?
1
Let v(r) = 2*r**2 - 2*r - 4. Suppose -45 = -5*k - 5*q, -5*k - q = -27 + 2. Suppose -7 + 19 = k*s. What is the units digit of v(s)?
8
Let u = 307 - 166. What is the tens digit of u?
4
What is the tens digit of (-8)/16*(-69 + -1)?
3
Let y(m) = 31*m - 26. What is the tens digit of y(8)?
2
Let o be 10/15 + (-44)/(-6). Let c 